{"id":373,"date":"2022-02-16T15:11:13","date_gmt":"2022-02-16T14:11:13","guid":{"rendered":"http:\/\/test.kiwanis-em.de\/?page_id=373"},"modified":"2026-03-14T14:51:57","modified_gmt":"2026-03-14T13:51:57","slug":"programm","status":"publish","type":"page","link":"https:\/\/www.kiwanis-em.de\/index.php\/programm\/","title":{"rendered":"Jahresprogramm"},"content":{"rendered":"\n<figure class=\"wp-block-table aligncenter is-style-stripes\"><table><thead><tr><th class=\"has-text-align-left\" data-align=\"left\">Datum&nbsp;&nbsp;&nbsp;&nbsp;&nbsp;&nbsp;&nbsp;&nbsp;&nbsp;&nbsp;&nbsp;&nbsp;&nbsp;&nbsp;&nbsp;&nbsp;&nbsp;&nbsp;&nbsp;&nbsp;&nbsp;&nbsp;&nbsp;&nbsp;&nbsp;&nbsp;<\/th><th>Anlass&nbsp;&nbsp;&nbsp;&nbsp;&nbsp;&nbsp;&nbsp;&nbsp;&nbsp;&nbsp;&nbsp;&nbsp;&nbsp;&nbsp;&nbsp;&nbsp;&nbsp;&nbsp;&nbsp;&nbsp;&nbsp;&nbsp;&nbsp;&nbsp;&nbsp;&nbsp;&nbsp;&nbsp;&nbsp;&nbsp;&nbsp;&nbsp;&nbsp;&nbsp;&nbsp;&nbsp;&nbsp;&nbsp;&nbsp;&nbsp;&nbsp;&nbsp;&nbsp;&nbsp;&nbsp;&nbsp;&nbsp;&nbsp;&nbsp;&nbsp;&nbsp;&nbsp;&nbsp;&nbsp;&nbsp;&nbsp;&nbsp;&nbsp;&nbsp;&nbsp;&nbsp;&nbsp;&nbsp;&nbsp;&nbsp;&nbsp;&nbsp;&nbsp;&nbsp;&nbsp;&nbsp;&nbsp;&nbsp;&nbsp;&nbsp;&nbsp;&nbsp;&nbsp;&nbsp;&nbsp;&nbsp;&nbsp;&nbsp;&nbsp;&nbsp;&nbsp;&nbsp;&nbsp;&nbsp;&nbsp;&nbsp;&nbsp;&nbsp;&nbsp;&nbsp;&nbsp;&nbsp;&nbsp;&nbsp;&nbsp;&nbsp;&nbsp;&nbsp;&nbsp;&nbsp;&nbsp;&nbsp;&nbsp;<\/th><\/tr><\/thead><tbody><tr><td class=\"has-text-align-left\" data-align=\"left\">Mi. 07.01.2026 18:30<\/td><td>Jahreser\u00f6ffnung Sonne Malterdingen<\/td><\/tr><tr><td class=\"has-text-align-left\" data-align=\"left\">Mi. 21.01.2026 18:30<\/td><td>Clubsitzung &#8222;Die 3 K\u00f6niglichen&#8220; Emmendingen<\/td><\/tr><tr><td class=\"has-text-align-left\" data-align=\"left\">Mi. 04.02.2026 18:30<\/td><td>Clubsitzung &#8222;Die 3 K\u00f6niglichen&#8220; Emmendingen<\/td><\/tr><tr><td class=\"has-text-align-left\" data-align=\"left\">Mi. 18.02.2026 18:30<\/td><td>Clubsitzung &#8222;Die 3 K\u00f6niglichen&#8220; Emmendingen<\/td><\/tr><tr><td class=\"has-text-align-left\" data-align=\"left\">Mi. 04.03.2026 18:30<\/td><td>Besuch &#8222;AluMINTzium&#8220; Emmendingen<\/td><\/tr><tr><td class=\"has-text-align-left\" data-align=\"left\">Mi. 18.03.2026 18:30<\/td><td>Clubsitzung &#8222;Die 3 K\u00f6niglichen&#8220; Emmendingen<\/td><\/tr><tr><td class=\"has-text-align-left\" data-align=\"left\">Mi. 01.04.2026 18:30<\/td><td>Kegelabend im Kegelsportverein Freiburg<\/td><\/tr><tr><td class=\"has-text-align-left\" data-align=\"left\">Mi. 15.04.2026 18:30<\/td><td>Clubsitzung &#8222;Die 3 K\u00f6niglichen&#8220; Emmendingen<\/td><\/tr><tr><td class=\"has-text-align-left\" data-align=\"left\">Mi. 06.05.2026 18:30<\/td><td>Clubsitzung &#8222;Die 3 K\u00f6niglichen&#8220; Emmendingen<\/td><\/tr><tr><td class=\"has-text-align-left\" data-align=\"left\"><strong>Mi. 20.05.2026 18:30<\/strong><\/td><td><strong>Clubsitzung &#8222;Die 3 K\u00f6niglichen&#8220; Emmendingen Mitgliederversammlung<\/strong><\/td><\/tr><tr><td class=\"has-text-align-left\" data-align=\"left\">Fr. 22.05.2026 15:00<\/td><td>Wanderung zur Hochburg Organisator Marcel<\/td><\/tr><tr><td class=\"has-text-align-left\" data-align=\"left\"><strong>28. &#8211; 30.05.2026<\/strong><\/td><td><strong>European District Convention 2026 in Catania, Italy<\/strong><\/td><\/tr><tr><td class=\"has-text-align-left\" data-align=\"left\">Mi. 03.06.2026 18:30<\/td><td>Clubsitzung &#8222;Die 3 K\u00f6niglichen&#8220; Emmendingen<\/td><\/tr><tr><td class=\"has-text-align-left\" data-align=\"left\">Mi. 17.06.2026 18:30<\/td><td>Besichtigung Weingut Kiefer in Eichstetten <\/td><\/tr><tr><td class=\"has-text-align-left\" data-align=\"left\"><strong>25. &#8211; 27.06.2026<\/strong><\/td><td><strong>Kiwanis International Convention 2026 in Manila, Philippinen\u00a0<\/strong><\/td><\/tr><tr><td class=\"has-text-align-left\" data-align=\"left\">Mi. 01.07.2026 18:30<\/td><td>Clubsitzung &#8222;Die 3 K\u00f6niglichen&#8220; Emmendingen<\/td><\/tr><tr><td class=\"has-text-align-left\" data-align=\"left\"><strong>Sa. 04.07.2026 18:30<\/strong><\/td><td><strong>Kiwanis Royal Lesung in &#8222;Die 3 K\u00f6niglichen&#8220; Emmendingen<\/strong><\/td><\/tr><tr><td class=\"has-text-align-left\" data-align=\"left\">Mi. 15.07.2026 18:30<\/td><td>Firmenbesichtigung der Schaub GmbH &amp; Co. KG<\/td><\/tr><tr><td class=\"has-text-align-left\" data-align=\"left\">Mi. 05.08.2026 18:30<\/td><td>Sommergespr\u00e4ch \u201eDie 3 K\u00f6niglichen\u201c Emmendingen<\/td><\/tr><tr><td class=\"has-text-align-left\" data-align=\"left\">Mi. 19.08.2026 18:30<\/td><td>Sommergespr\u00e4ch \u201eDie 3 K\u00f6niglichen\u201c Emmendingen<\/td><\/tr><tr><td class=\"has-text-align-left\" data-align=\"left\">Mi. 02.09.2026 18:30<\/td><td>Sommergespr\u00e4ch \u201eDie 3 K\u00f6niglichen\u201c Emmendingen<\/td><\/tr><tr><td class=\"has-text-align-left\" data-align=\"left\">Mi. 16.09.2026 18:30<\/td><td>Clubsitzung &#8222;Die 3 K\u00f6niglichen&#8220; Emmendingen<\/td><\/tr><tr><td class=\"has-text-align-left\" data-align=\"left\">Sa. 26.09.2026 15:00<\/td><td>Wanderung zum &#8222;Sch\u00e4nzle&#8220; Organisator Tim<\/td><\/tr><tr><td class=\"has-text-align-left\" data-align=\"left\"><strong>Mi. 07.10.2026 18:30<\/strong><\/td><td><strong>Stab\u00fcbergabe Sonne Malterdingen<\/strong><\/td><\/tr><tr><td class=\"has-text-align-left\" data-align=\"left\">Mi. 21.10.2026 18:30<\/td><td>Clubsitzung &#8222;Die 3 K\u00f6niglichen&#8220; Emmendingen<\/td><\/tr><tr><td class=\"has-text-align-left\" data-align=\"left\"><strong><a href=\"https:\/\/www.kiwanis-em.de\/benefizkonzert\">Sa. 24.10.2026 18:30<\/a><\/strong><\/td><td><strong><a href=\"https:\/\/www.kiwanis-em.de\/benefizkonzert\">Kiwanis &amp; Friends Benefizkonzert 2026 Autohaus Schmolck<\/a><\/strong><\/td><\/tr><tr><td class=\"has-text-align-left\" data-align=\"left\"><strong><a href=\"https:\/\/www.kiwanis-em.de\/songbook\">So. 25.10.2025 11:00<\/a><\/strong><\/td><td><a href=\"https:\/\/www.kiwanis-em.de\/songbook\"><strong>Kiwanis Matinee Kinderkonzert 2026<\/strong><\/a><\/td><\/tr><tr><td class=\"has-text-align-left\" data-align=\"left\">Mi. 04.11.2026 18:30<\/td><td>Clubsitzung &#8222;Die 3 K\u00f6niglichen&#8220; Emmendingen<\/td><\/tr><tr><td class=\"has-text-align-left\" data-align=\"left\">Mi. 18.11.2026 18:30<\/td><td>Clubsitzung &#8222;Die 3 K\u00f6niglichen&#8220; Emmendingen<\/td><\/tr><tr><td class=\"has-text-align-left\" data-align=\"left\"><strong><a href=\"https:\/\/www.kiwanis-em.de\/index.php\/kiwanis-benefiz-eisstock-turnier\/\" data-type=\"page\" data-id=\"1495\">Mi. 25.11.2026 17:00<\/a><\/strong><\/td><td><strong><a href=\"https:\/\/www.kiwanis-em.de\/index.php\/kiwanis-benefiz-eisstock-turnier\/\" data-type=\"page\" data-id=\"1495\">3. Kiwanis Eisstock-Turnier 2026 Marktplatz Emmendingen <\/a><\/strong><\/td><\/tr><tr><td class=\"has-text-align-left\" data-align=\"left\"><strong>Mi. 02.12.2026 18:30<\/strong><\/td><td><strong>Gansessen Adler Glottertal mit Partnerinnen<\/strong><\/td><\/tr><tr><td class=\"has-text-align-left\" data-align=\"left\">Mi. 16.12.2026 18:30<\/td><td>Clubsitzung &#8222;Die 3 K\u00f6niglichen&#8220; Emmendingen, <br>Jahresausklang mit Weihnachtsgeschichten von Andreas<\/td><\/tr><\/tbody><tfoot><tr><td class=\"has-text-align-left\" data-align=\"left\"><\/td><td><\/td><\/tr><\/tfoot><\/table><\/figure>\n\n\n\n<p><\/p>\n","protected":false},"excerpt":{"rendered":"<p>Datum&nbsp;&nbsp;&nbsp;&nbsp;&nbsp;&nbsp;&nbsp;&nbsp;&nbsp;&nbsp;&nbsp;&nbsp;&nbsp;&nbsp;&nbsp;&nbsp;&nbsp;&nbsp;&nbsp;&nbsp;&nbsp;&nbsp;&nbsp;&nbsp;&nbsp;&nbsp; Anlass&nbsp;&nbsp;&nbsp;&nbsp;&nbsp;&nbsp;&nbsp;&nbsp;&nbsp;&nbsp;&nbsp;&nbsp;&nbsp;&nbsp;&nbsp;&nbsp;&nbsp;&nbsp;&nbsp;&nbsp;&nbsp;&nbsp;&nbsp;&nbsp;&nbsp;&nbsp;&nbsp;&nbsp;&nbsp;&nbsp;&nbsp;&nbsp;&nbsp;&nbsp;&nbsp;&nbsp;&nbsp;&nbsp;&nbsp;&nbsp;&nbsp;&nbsp;&nbsp;&nbsp;&nbsp;&nbsp;&nbsp;&nbsp;&nbsp;&nbsp;&nbsp;&nbsp;&nbsp;&nbsp;&nbsp;&nbsp;&nbsp;&nbsp;&nbsp;&nbsp;&nbsp;&nbsp;&nbsp;&nbsp;&nbsp;&nbsp;&nbsp;&nbsp;&nbsp;&nbsp;&nbsp;&nbsp;&nbsp;&nbsp;&nbsp;&nbsp;&nbsp;&nbsp;&nbsp;&nbsp;&nbsp;&nbsp;&nbsp;&nbsp;&nbsp;&nbsp;&nbsp;&nbsp;&nbsp;&nbsp;&nbsp;&nbsp;&nbsp;&nbsp;&nbsp;&nbsp;&nbsp;&nbsp;&nbsp;&nbsp;&nbsp;&nbsp;&nbsp;&nbsp;&nbsp;&nbsp;&nbsp;&nbsp; Mi. 07.01.2026 18:30 Jahreser\u00f6ffnung Sonne Malterdingen Mi. 21.01.2026 18:30 Clubsitzung &#8222;Die 3 K\u00f6niglichen&#8220; Emmendingen Mi. 04.02.2026 18:30 Clubsitzung &#8222;Die 3 K\u00f6niglichen&#8220; Emmendingen Mi.&hellip;<\/p>\n","protected":false},"author":1,"featured_media":0,"parent":0,"menu_order":0,"comment_status":"closed","ping_status":"closed","template":"","meta":{"footnotes":""},"class_list":["post-373","page","type-page","status-publish","hentry"],"_links":{"self":[{"href":"https:\/\/www.kiwanis-em.de\/index.php\/wp-json\/wp\/v2\/pages\/373","targetHints":{"allow":["GET"]}}],"collection":[{"href":"https:\/\/www.kiwanis-em.de\/index.php\/wp-json\/wp\/v2\/pages"}],"about":[{"href":"https:\/\/www.kiwanis-em.de\/index.php\/wp-json\/wp\/v2\/types\/page"}],"author":[{"embeddable":true,"href":"https:\/\/www.kiwanis-em.de\/index.php\/wp-json\/wp\/v2\/users\/1"}],"replies":[{"embeddable":true,"href":"https:\/\/www.kiwanis-em.de\/index.php\/wp-json\/wp\/v2\/comments?post=373"}],"version-history":[{"count":99,"href":"https:\/\/www.kiwanis-em.de\/index.php\/wp-json\/wp\/v2\/pages\/373\/revisions"}],"predecessor-version":[{"id":2351,"href":"https:\/\/www.kiwanis-em.de\/index.php\/wp-json\/wp\/v2\/pages\/373\/revisions\/2351"}],"wp:attachment":[{"href":"https:\/\/www.kiwanis-em.de\/index.php\/wp-json\/wp\/v2\/media?parent=373"}],"curies":[{"name":"wp","href":"https:\/\/api.w.org\/{rel}","templated":true}]}}

<figure class="wp-block-table aligncenter is-style-stripes"><table><thead><tr><th class="has-text-align-left" data-align="left">Datum&nbsp;&nbsp;&nbsp;&nbsp;&nbsp;&nbsp;&nbsp;&nbsp;&nbsp;&nbsp;&nbsp;&nbsp;&nbsp;&nbsp;&nbsp;&nbsp;&nbsp;&nbsp;&nbsp;&nbsp;&nbsp;&nbsp;&nbsp;&nbsp;&nbsp;&nbsp;</th><th>Anlass&nbsp;&nbsp;&nbsp;&nbsp;&nbsp;&nbsp;&nbsp;&nbsp;&nbsp;&nbsp;&nbsp;&nbsp;&nbsp;&nbsp;&nbsp;&nbsp;&nbsp;&nbsp;&nbsp;&nbsp;&nbsp;&nbsp;&nbsp;&nbsp;&nbsp;&nbsp;&nbsp;&nbsp;&nbsp;&nbsp;&nbsp;&nbsp;&nbsp;&nbsp;&nbsp;&nbsp;&nbsp;&nbsp;&nbsp;&nbsp;&nbsp;&nbsp;&nbsp;&nbsp;&nbsp;&nbsp;&nbsp;&nbsp;&nbsp;&nbsp;&nbsp;&nbsp;&nbsp;&nbsp;&nbsp;&nbsp;&nbsp;&nbsp;&nbsp;&nbsp;&nbsp;&nbsp;&nbsp;&nbsp;&nbsp;&nbsp;&nbsp;&nbsp;&nbsp;&nbsp;&nbsp;&nbsp;&nbsp;&nbsp;&nbsp;&nbsp;&nbsp;&nbsp;&nbsp;&nbsp;&nbsp;&nbsp;&nbsp;&nbsp;&nbsp;&nbsp;&nbsp;&nbsp;&nbsp;&nbsp;&nbsp;&nbsp;&nbsp;&nbsp;&nbsp;&nbsp;&nbsp;&nbsp;&nbsp;&nbsp;&nbsp;&nbsp;&nbsp;&nbsp;&nbsp;&nbsp;&nbsp;&nbsp;</th></tr></thead><tbody><tr><td class="has-text-align-left" data-align="left">Mi. 07.01.2026 18:30</td><td>Jahreseröffnung Sonne Malterdingen</td></tr><tr><td class="has-text-align-left" data-align="left">Mi. 21.01.2026 18:30</td><td>Clubsitzung &#8222;Die 3 Königlichen&#8220; Emmendingen</td></tr><tr><td class="has-text-align-left" data-align="left">Mi. 04.02.2026 18:30</td><td>Clubsitzung &#8222;Die 3 Königlichen&#8220; Emmendingen</td></tr><tr><td class="has-text-align-left" data-align="left">Mi. 18.02.2026 18:30</td><td>Clubsitzung &#8222;Die 3 Königlichen&#8220; Emmendingen</td></tr><tr><td class="has-text-align-left" data-align="left">Mi. 04.03.2026 18:30</td><td>Besuch &#8222;AluMINTzium&#8220; Emmendingen</td></tr><tr><td class="has-text-align-left" data-align="left">Mi. 18.03.2026 18:30</td><td>Clubsitzung &#8222;Die 3 Königlichen&#8220; Emmendingen</td></tr><tr><td class="has-text-align-left" data-align="left">Mi. 01.04.2026 18:30</td><td>Kegelabend im Kegelsportverein Freiburg</td></tr><tr><td class="has-text-align-left" data-align="left">Mi. 15.04.2026 18:30</td><td>Clubsitzung &#8222;Die 3 Königlichen&#8220; Emmendingen</td></tr><tr><td class="has-text-align-left" data-align="left">Mi. 06.05.2026 18:30</td><td>Clubsitzung &#8222;Die 3 Königlichen&#8220; Emmendingen</td></tr><tr><td class="has-text-align-left" data-align="left"><strong>Mi. 20.05.2026 18:30</strong></td><td><strong>Clubsitzung &#8222;Die 3 Königlichen&#8220; Emmendingen Mitgliederversammlung</strong></td></tr><tr><td class="has-text-align-left" data-align="left">Fr. 22.05.2026 15:00</td><td>Wanderung zur Hochburg Organisator Marcel</td></tr><tr><td class="has-text-align-left" data-align="left"><strong>28. &#8211; 30.05.2026</strong></td><td><strong>European District Convention 2026 in Catania, Italy</strong></td></tr><tr><td class="has-text-align-left" data-align="left">Mi. 03.06.2026 18:30</td><td>Clubsitzung &#8222;Die 3 Königlichen&#8220; Emmendingen</td></tr><tr><td class="has-text-align-left" data-align="left">Mi. 17.06.2026 18:30</td><td>Besichtigung Weingut Kiefer in Eichstetten </td></tr><tr><td class="has-text-align-left" data-align="left"><strong>25. &#8211; 27.06.2026</strong></td><td><strong>Kiwanis International Convention 2026 in Manila, Philippinen </strong></td></tr><tr><td class="has-text-align-left" data-align="left">Mi. 01.07.2026 18:30</td><td>Clubsitzung &#8222;Die 3 Königlichen&#8220; Emmendingen</td></tr><tr><td class="has-text-align-left" data-align="left"><strong>Sa. 04.07.2026 18:30</strong></td><td><strong>Kiwanis Royal Lesung in &#8222;Die 3 Königlichen&#8220; Emmendingen</strong></td></tr><tr><td class="has-text-align-left" data-align="left">Mi. 15.07.2026 18:30</td><td>Firmenbesichtigung der Schaub GmbH &amp; Co. KG</td></tr><tr><td class="has-text-align-left" data-align="left">Mi. 05.08.2026 18:30</td><td>Sommergespräch „Die 3 Königlichen“ Emmendingen</td></tr><tr><td class="has-text-align-left" data-align="left">Mi. 19.08.2026 18:30</td><td>Sommergespräch „Die 3 Königlichen“ Emmendingen</td></tr><tr><td class="has-text-align-left" data-align="left">Mi. 02.09.2026 18:30</td><td>Sommergespräch „Die 3 Königlichen“ Emmendingen</td></tr><tr><td class="has-text-align-left" data-align="left">Mi. 16.09.2026 18:30</td><td>Clubsitzung &#8222;Die 3 Königlichen&#8220; Emmendingen</td></tr><tr><td class="has-text-align-left" data-align="left">Sa. 26.09.2026 15:00</td><td>Wanderung zum &#8222;Schänzle&#8220; Organisator Tim</td></tr><tr><td class="has-text-align-left" data-align="left"><strong>Mi. 07.10.2026 18:30</strong></td><td><strong>Stabübergabe Sonne Malterdingen</strong></td></tr><tr><td class="has-text-align-left" data-align="left">Mi. 21.10.2026 18:30</td><td>Clubsitzung &#8222;Die 3 Königlichen&#8220; Emmendingen</td></tr><tr><td class="has-text-align-left" data-align="left"><strong><a href="https://www.kiwanis-em.de/benefizkonzert">Sa. 24.10.2026 18:30</a></strong></td><td><strong><a href="https://www.kiwanis-em.de/benefizkonzert">Kiwanis &amp; Friends Benefizkonzert 2026 Autohaus Schmolck</a></strong></td></tr><tr><td class="has-text-align-left" data-align="left"><strong><a href="https://www.kiwanis-em.de/songbook">So. 25.10.2025 11:00</a></strong></td><td><a href="https://www.kiwanis-em.de/songbook"><strong>Kiwanis Matinee Kinderkonzert 2026</strong></a></td></tr><tr><td class="has-text-align-left" data-align="left">Mi. 04.11.2026 18:30</td><td>Clubsitzung &#8222;Die 3 Königlichen&#8220; Emmendingen</td></tr><tr><td class="has-text-align-left" data-align="left">Mi. 18.11.2026 18:30</td><td>Clubsitzung &#8222;Die 3 Königlichen&#8220; Emmendingen</td></tr><tr><td class="has-text-align-left" data-align="left"><strong><a href="https://www.kiwanis-em.de/index.php/kiwanis-benefiz-eisstock-turnier/" data-type="page" data-id="1495">Mi. 25.11.2026 17:00</a></strong></td><td><strong><a href="https://www.kiwanis-em.de/index.php/kiwanis-benefiz-eisstock-turnier/" data-type="page" data-id="1495">3. Kiwanis Eisstock-Turnier 2026 Marktplatz Emmendingen </a></strong></td></tr><tr><td class="has-text-align-left" data-align="left"><strong>Mi. 02.12.2026 18:30</strong></td><td><strong>Gansessen Adler Glottertal mit Partnerinnen</strong></td></tr><tr><td class="has-text-align-left" data-align="left">Mi. 16.12.2026 18:30</td><td>Clubsitzung &#8222;Die 3 Königlichen&#8220; Emmendingen, <br>Jahresausklang mit Weihnachtsgeschichten von Andreas</td></tr></tbody><tfoot><tr><td class="has-text-align-left" data-align="left"></td><td></td></tr></tfoot></table></figure>



<p></p>

<p>Datum&nbsp;&nbsp;&nbsp;&nbsp;&nbsp;&nbsp;&nbsp;&nbsp;&nbsp;&nbsp;&nbsp;&nbsp;&nbsp;&nbsp;&nbsp;&nbsp;&nbsp;&nbsp;&nbsp;&nbsp;&nbsp;&nbsp;&nbsp;&nbsp;&nbsp;&nbsp; Anlass&nbsp;&nbsp;&nbsp;&nbsp;&nbsp;&nbsp;&nbsp;&nbsp;&nbsp;&nbsp;&nbsp;&nbsp;&nbsp;&nbsp;&nbsp;&nbsp;&nbsp;&nbsp;&nbsp;&nbsp;&nbsp;&nbsp;&nbsp;&nbsp;&nbsp;&nbsp;&nbsp;&nbsp;&nbsp;&nbsp;&nbsp;&nbsp;&nbsp;&nbsp;&nbsp;&nbsp;&nbsp;&nbsp;&nbsp;&nbsp;&nbsp;&nbsp;&nbsp;&nbsp;&nbsp;&nbsp;&nbsp;&nbsp;&nbsp;&nbsp;&nbsp;&nbsp;&nbsp;&nbsp;&nbsp;&nbsp;&nbsp;&nbsp;&nbsp;&nbsp;&nbsp;&nbsp;&nbsp;&nbsp;&nbsp;&nbsp;&nbsp;&nbsp;&nbsp;&nbsp;&nbsp;&nbsp;&nbsp;&nbsp;&nbsp;&nbsp;&nbsp;&nbsp;&nbsp;&nbsp;&nbsp;&nbsp;&nbsp;&nbsp;&nbsp;&nbsp;&nbsp;&nbsp;&nbsp;&nbsp;&nbsp;&nbsp;&nbsp;&nbsp;&nbsp;&nbsp;&nbsp;&nbsp;&nbsp;&nbsp;&nbsp;&nbsp;&nbsp;&nbsp;&nbsp;&nbsp;&nbsp;&nbsp; Mi. 07.01.2026 18:30 Jahreseröffnung Sonne Malterdingen Mi. 21.01.2026 18:30 Clubsitzung &#8222;Die 3 Königlichen&#8220; Emmendingen Mi. 04.02.2026 18:30 Clubsitzung &#8222;Die 3 Königlichen&#8220; Emmendingen Mi.&hellip;</p>
