{"id":511,"date":"2022-02-25T17:20:06","date_gmt":"2022-02-25T16:20:06","guid":{"rendered":"http:\/\/test.kiwanis-em.de\/?page_id=511"},"modified":"2025-09-19T16:01:57","modified_gmt":"2025-09-19T14:01:57","slug":"kiwanis-ferienschulen","status":"publish","type":"page","link":"https:\/\/www.kiwanis-em.de\/index.php\/kiwanis-ferienschulen\/","title":{"rendered":"Kiwanis Ferienschulen"},"content":{"rendered":"\n<figure class=\"wp-block-image size-full\"><img loading=\"lazy\" decoding=\"async\" width=\"550\" height=\"73\" src=\"https:\/\/www.kiwanis-em.de\/wp-content\/uploads\/2022\/03\/KiwanisFerienschule.jpg\" alt=\"\" class=\"wp-image-538\" srcset=\"https:\/\/www.kiwanis-em.de\/wp-content\/uploads\/2022\/03\/KiwanisFerienschule.jpg 550w, https:\/\/www.kiwanis-em.de\/wp-content\/uploads\/2022\/03\/KiwanisFerienschule-300x40.jpg 300w\" sizes=\"auto, (max-width: 550px) 100vw, 550px\" \/><\/figure>\n\n\n\n<blockquote class=\"wp-block-quote is-layout-flow wp-block-quote-is-layout-flow\">\n<p>vom 11. bis 22.August 2025 finden wieder die Kiwanis Ferienschulen in <br>Emmendingen, Waldkirch, Denzlingen und Endingen statt.<\/p>\n<\/blockquote>\n\n\n\n<div style=\"height:13px\" aria-hidden=\"true\" class=\"wp-block-spacer\"><\/div>\n\n\n\n<div class=\"wp-block-columns is-layout-flex wp-container-core-columns-is-layout-9d6595d7 wp-block-columns-is-layout-flex\">\n<div class=\"wp-block-column is-layout-flow wp-block-column-is-layout-flow\" style=\"flex-basis:66.66%\">\n<p><strong><em>&gt;&gt;&gt; Anmeldeformular Kiwanis Ferienschule Denzlingen 2025<\/em><\/strong><\/p>\n\n\n\n<p><strong><em>&gt;&gt;&gt; Anmeldeformular Kiwanis Ferienschule Emmendingen 2025<\/em><\/strong><\/p>\n\n\n\n<p><strong><em>&gt;&gt;&gt; Anmeldeformular Kiwanis Ferienschule Endingen 2025<\/em><\/strong><\/p>\n\n\n\n<p><strong><em>&gt;&gt;&gt; Anmeldeformular Kiwanis Ferienschule Herbolzheim 2025<\/em><\/strong><\/p>\n\n\n\n<p><em><strong>>>> Anmeldeformular Kiwanis Ferienschule Waldkirch 2025<\/strong><\/em><br> und direkt \u00fcber die Stadt Waldkirch online buchbar<strong> <\/strong><br><strong><a href=\"https:\/\/www.unser-ferienprogramm.de\/waldkirch\/programm.php\" target=\"_blank\" rel=\"noreferrer noopener\"><em>>>> https:\/\/www.unser-ferienprogramm.de\/<\/em><\/a><\/strong><\/p>\n<\/div>\n\n\n\n<div class=\"wp-block-column is-layout-flow wp-block-column-is-layout-flow\" style=\"flex-basis:33.33%\">\n<figure class=\"wp-block-image size-full\"><a href=\"https:\/\/www.kiwanis-em.de\/wp-content\/uploads\/2025\/09\/Abschluss-bebildert.pdf\" target=\"_blank\" rel=\" noreferrer noopener\"><img loading=\"lazy\" decoding=\"async\" width=\"250\" height=\"330\" src=\"https:\/\/www.kiwanis-em.de\/wp-content\/uploads\/2025\/09\/Image1.png\" alt=\"\" class=\"wp-image-2164\" srcset=\"https:\/\/www.kiwanis-em.de\/wp-content\/uploads\/2025\/09\/Image1.png 250w, https:\/\/www.kiwanis-em.de\/wp-content\/uploads\/2025\/09\/Image1-227x300.png 227w\" sizes=\"auto, (max-width: 250px) 100vw, 250px\" \/><\/a><\/figure>\n<\/div>\n<\/div>\n\n\n\n<div style=\"height:16px\" aria-hidden=\"true\" class=\"wp-block-spacer\"><\/div>\n\n\n\n<h3 class=\"wp-block-heading\">Eltern- und Sch\u00fclerinformation f\u00fcr die Kiwanis-Ferienschule<\/h3>\n\n\n\n<p>Die Kiwanis-Ferienschule ist eine Initiative, die Sch\u00fclerInnen helfen soll, w\u00e4hrend der Sommerferien ihre Leistungen in einzelnen Hauptf\u00e4chern zu verbessern. Sie wurde 2009 von Petra Zai-Englert (Emmendingen) aus der Wiege gehoben und konzeptionell gemeinsam mit Mitgliedern des Kiwanisclub Emmendingen\/Baden weiterentwickelt. Aufgrund ihres Erfolges und ihrer Nachfrage geht sie nun bereits im 7. Jahr wieder an den Start.<\/p>\n\n\n\n<p>Das deutsche Schulsystem l\u00e4sst wenig Zeit f\u00fcr eine intensive Nacharbeitung des gelernten Stoffes. Umso wichtiger ist es, Sch\u00fclerInnen der Werkreal- und Realschulen zu helfen, Unterrichtsthemen des letzten Schuljahres in den Sommerferien zu wiederholen und zu festigen.<\/p>\n\n\n\n<p>Gleichzeitig soll die Kiwanis-Ferienschule auch pers\u00f6nliche Kompetenzen f\u00f6rdern. Sie ist ein System, das Spa\u00df am Lernen, passende Lernstrategien und den wertsch\u00e4tzenden Umgang mit anderen Menschen vermitteln soll. Selbstbewusstsein, Teamf\u00e4higkeit sowie Beziehungsf\u00e4higkeit der Sch\u00fclerInnen sollen durch sie gest\u00e4rkt werden.<\/p>\n\n\n\n<h3 class=\"wp-block-heading\">Grunds\u00e4tze der Kiwanis-Ferienschule<\/h3>\n\n\n\n<p>Die Kiwanis-Ferienschule findet zu Beginn der Sommerferien statt und dauert 2 Wochen. Um die Homogenit\u00e4t der Lerngruppen zu bewahren, nehmen nur Sch\u00fclerinnen und Sch\u00fcler der Werkreal- und Realschulen teil.<\/p>\n\n\n\n<p>Die Kiwanis-Ferienschule besteht aus drei Komponenten, die untrennbar zueinander geh\u00f6ren: den Lernshops, dem gemeinsamen Mittagessen und den Workshops. Wer sich f\u00fcr die Kiwanis-Ferienschule anmeldet, nimmt deshalb auch an allen dreien teil.<\/p>\n\n\n\n<p>LernbegleiterInnen rekrutieren sich vornehmlich aus Studierenden der Hochschulen f\u00fcr Soziale Arbeit, der P\u00e4dagogischen Hochschule und der Universit\u00e4t.<\/p>\n\n\n\n<p>Die Sch\u00fclerInnen melden sich grunds\u00e4tzlich nur f\u00fcr ein Unterrichtsfach pro Woche an. Wer zwei Wochen teilnimmt, kann demnach maximal zwei unterschiedli-che Unterrichtsf\u00e4cher besuchen.<\/p>\n\n\n\n<p>Kinder aus finanziell schw\u00e4cher gestellten Familien haben die M\u00f6glichkeit, f\u00fcr ihr Kind die Kiwanis-Ferienschule \u00fcber eine Patenschaft oder Bildung und Teilhabe-Gelder finanzieren zu lassen. Eine Anmeldung f\u00fcr die Kiwanis-Ferienschule ist erst nach Bezahlung der Teilnahmekosten g\u00fcltig. Der Teilnehmerbeitrag wird zu Beginn der Ferienschule vor Ort eingesammelt.<\/p>\n\n\n\n<h3 class=\"wp-block-heading\">Lernshops<\/h3>\n\n\n\n<p>Die Lernshops dienen dazu, den Unterrichtsstoff des vergangenen Schuljahres zu wiederholen und zu festigen, um damit sicherer in den folgenden Schuljahren umgehen zu k\u00f6nnen. In den Lernshops werden die F\u00e4cher Mathematik, Deutsch und Englisch unterrichtet. Die Aufteilung in die Lernshops erfolgt \u00fcber den Lehrplan der einzelnen Klassenstufen. Eine Gruppe besteht aus 4-7 Sch\u00fclerInnen. Somit liegt der Gruppenteiler bei acht Kindern. Die Lernshops finden jeweils montags bis freitags am Morgen statt.<\/p>\n\n\n\n<p>Die Kiwanis-Ferienschule hat Lernerfolge zu verzeichnen, die sich sehen lassen k\u00f6nnen. Zum Beispiel haben im Jahr 2011 14 Sch\u00fclerInnen die Kiwanis-Ferienschule besucht, um nicht sitzen zu bleiben. Sie alle waren vor den Ferien \u201eprobeversetzt\u201c worden und hatten nach den Sommerferien eine Nachpr\u00fcfung zu absolvieren. Das Ergebnis: Alle 14 Sch\u00fclerInnen haben bestanden und wurden somit versetzt. Ebenfalls wurde im Jahr 2011 eine Umfrage gestartet, wie gut sich die Kinder vorbereitet f\u00fchlen auf die kommenden Schuljahre. Dabei gaben 92% der Befragten an, ihre L\u00fccken gut aufgearbeitet zu haben, 39% davon sogar sehr gut. Ein Sch\u00fcler, der urspr\u00fcnglich nur f\u00fcr eine Woche angemeldet war, hatte seine Eltern zu \u00fcberreden versucht, den Familienurlaub zu verlegen, um so auch an der zweiten Wochen teilnehmen zu k\u00f6nnen.<\/p>\n\n\n\n<h3 class=\"wp-block-heading\">Workshops<\/h3>\n\n\n\n<p>Die Workshops sind ein fester Bestandteil der Kiwanis-Ferienschule und sind somit verpflichtend f\u00fcr jedes daran teilnehmende Kind. In den Workshops sollen vor allem Teamf\u00e4higkeit und Selbstbewusstsein der Sch\u00fclerInnen gest\u00e4rkt sowie ungeahnte Talente von ihnen selbst entdeckt werden. Deshalb werden ganz un-terschiedliche Workshops angeboten, wie z.B. Tanzen, Kunst, Theater, Sport, \u2026<\/p>\n\n\n\n<p>Bei der Anmeldung k\u00f6nnen Priorit\u00e4ten in Bezug auf die Teilnahme an Workshops angegeben werden. Daraus ergibt sich jedoch nicht automatisch eine entsprechende Teilnahmeberechtigung. Wer zwei Wochen an der Kiwanis-Ferienschule teilnimmt, besucht grunds\u00e4tzlich zwei unterschiedliche Workshops. Die Workshops finden jeweils montags bis donnerstags am Nachmittag statt. Freitagnachmittag ist frei.<\/p>\n\n\n\n<p>Auch in den Workshops zeigten sich erstaunliche Ergebnisse: Eine der Sch\u00fclerinnen zum Beispiel hatte im vorhergehenden Schuljahr keine m\u00fcndlichen Leistungen erbracht, da sie sich nicht dazu \u00fcberwinden konnte, im Unterricht zu sprechen. Im Theaterworkshop arbeitete sie bei der Aufnahme ei-nes H\u00f6rspiels mit. Mitte Oktober erfolgte dann die R\u00fcckmeldung ihrer Klassen-lehrerin: Seit den Sommerferien beteiligt sich dieses M\u00e4dchen aktiv m\u00fcndlich am Unterricht und kann nun auch hier gute Leistungen verzeichnen. Im Kunstworkshop waren einige Teilnehmende zuerst nur, weil sie keine Lust auf andere Aktivit\u00e4ten hatten. Niemand h\u00e4tte sich zu Beginn tr\u00e4umen lassen, was diese Kinder am Ende der Kiwanis-Ferienschule mit nach Hause nehmen konn-ten: Jungs, die ihren M\u00fcttern Liebesbotschaften auf eine Leinwand malten und M\u00e4dchen, die nie von sich gedacht h\u00e4tten, dass sie so viel Talent besitzen.<\/p>\n\n\n\n<h3 class=\"wp-block-heading\">Mittagspause<\/h3>\n\n\n\n<p>Die Mittagspause findet Montag bis Donnerstag statt. Die Sch\u00fclerInnen bleiben w\u00e4hrend dieser Zeit auf dem Areal der Kiwanis-Ferienschule.<\/p>\n\n\n\n<div class=\"wp-block-file\"><a id=\"wp-block-file--media-98560ce2-f8db-486b-afae-f0694c1da38f\" href=\"https:\/\/www.kiwanis-em.de\/wp-content\/uploads\/2022\/08\/2020-Artikel-10-Jahre-Kiwanis-Ferienschule.pdf\"><strong>&gt;&gt;&gt; Artikel zum 10 j\u00e4hrigen der Kiwanis Ferienschule&#8230; &gt;&gt;&gt; <\/strong><\/a><\/div>\n","protected":false},"excerpt":{"rendered":"<p>vom 11. bis 22.August 2025 finden wieder die Kiwanis Ferienschulen in Emmendingen, Waldkirch, Denzlingen und Endingen statt. &gt;&gt;&gt; Anmeldeformular Kiwanis Ferienschule Denzlingen 2025 &gt;&gt;&gt; Anmeldeformular&hellip;<\/p>\n","protected":false},"author":1,"featured_media":0,"parent":0,"menu_order":0,"comment_status":"closed","ping_status":"closed","template":"","meta":{"footnotes":""},"class_list":["post-511","page","type-page","status-publish","hentry"],"_links":{"self":[{"href":"https:\/\/www.kiwanis-em.de\/index.php\/wp-json\/wp\/v2\/pages\/511","targetHints":{"allow":["GET"]}}],"collection":[{"href":"https:\/\/www.kiwanis-em.de\/index.php\/wp-json\/wp\/v2\/pages"}],"about":[{"href":"https:\/\/www.kiwanis-em.de\/index.php\/wp-json\/wp\/v2\/types\/page"}],"author":[{"embeddable":true,"href":"https:\/\/www.kiwanis-em.de\/index.php\/wp-json\/wp\/v2\/users\/1"}],"replies":[{"embeddable":true,"href":"https:\/\/www.kiwanis-em.de\/index.php\/wp-json\/wp\/v2\/comments?post=511"}],"version-history":[{"count":59,"href":"https:\/\/www.kiwanis-em.de\/index.php\/wp-json\/wp\/v2\/pages\/511\/revisions"}],"predecessor-version":[{"id":2168,"href":"https:\/\/www.kiwanis-em.de\/index.php\/wp-json\/wp\/v2\/pages\/511\/revisions\/2168"}],"wp:attachment":[{"href":"https:\/\/www.kiwanis-em.de\/index.php\/wp-json\/wp\/v2\/media?parent=511"}],"curies":[{"name":"wp","href":"https:\/\/api.w.org\/{rel}","templated":true}]}}

<figure class="wp-block-image size-full"><img loading="lazy" decoding="async" width="550" height="73" src="https://www.kiwanis-em.de/wp-content/uploads/2022/03/KiwanisFerienschule.jpg" alt="" class="wp-image-538" srcset="https://www.kiwanis-em.de/wp-content/uploads/2022/03/KiwanisFerienschule.jpg 550w, https://www.kiwanis-em.de/wp-content/uploads/2022/03/KiwanisFerienschule-300x40.jpg 300w" sizes="auto, (max-width: 550px) 100vw, 550px" /></figure>



<blockquote class="wp-block-quote is-layout-flow wp-block-quote-is-layout-flow">
<p>vom 11. bis 22.August 2025 finden wieder die Kiwanis Ferienschulen in <br>Emmendingen, Waldkirch, Denzlingen und Endingen statt.</p>
</blockquote>



<div style="height:13px" aria-hidden="true" class="wp-block-spacer"></div>



<div class="wp-block-columns is-layout-flex wp-container-core-columns-is-layout-9d6595d7 wp-block-columns-is-layout-flex">
<div class="wp-block-column is-layout-flow wp-block-column-is-layout-flow" style="flex-basis:66.66%">
<p><strong><em>&gt;&gt;&gt; Anmeldeformular Kiwanis Ferienschule Denzlingen 2025</em></strong></p>



<p><strong><em>&gt;&gt;&gt; Anmeldeformular Kiwanis Ferienschule Emmendingen 2025</em></strong></p>



<p><strong><em>&gt;&gt;&gt; Anmeldeformular Kiwanis Ferienschule Endingen 2025</em></strong></p>



<p><strong><em>&gt;&gt;&gt; Anmeldeformular Kiwanis Ferienschule Herbolzheim 2025</em></strong></p>



<p><em><strong>>>> Anmeldeformular Kiwanis Ferienschule Waldkirch 2025</strong></em><br> und direkt über die Stadt Waldkirch online buchbar<strong> </strong><br><strong><a href="https://www.unser-ferienprogramm.de/waldkirch/programm.php" target="_blank" rel="noreferrer noopener"><em>>>> https://www.unser-ferienprogramm.de/</em></a></strong></p>
</div>



<div class="wp-block-column is-layout-flow wp-block-column-is-layout-flow" style="flex-basis:33.33%">
<figure class="wp-block-image size-full"><a href="https://www.kiwanis-em.de/wp-content/uploads/2025/09/Abschluss-bebildert.pdf" target="_blank" rel=" noreferrer noopener"><img loading="lazy" decoding="async" width="250" height="330" src="https://www.kiwanis-em.de/wp-content/uploads/2025/09/Image1.png" alt="" class="wp-image-2164" srcset="https://www.kiwanis-em.de/wp-content/uploads/2025/09/Image1.png 250w, https://www.kiwanis-em.de/wp-content/uploads/2025/09/Image1-227x300.png 227w" sizes="auto, (max-width: 250px) 100vw, 250px" /></a></figure>
</div>
</div>



<div style="height:16px" aria-hidden="true" class="wp-block-spacer"></div>



<h3 class="wp-block-heading">Eltern- und Schülerinformation für die Kiwanis-Ferienschule</h3>



<p>Die Kiwanis-Ferienschule ist eine Initiative, die SchülerInnen helfen soll, während der Sommerferien ihre Leistungen in einzelnen Hauptfächern zu verbessern. Sie wurde 2009 von Petra Zai-Englert (Emmendingen) aus der Wiege gehoben und konzeptionell gemeinsam mit Mitgliedern des Kiwanisclub Emmendingen/Baden weiterentwickelt. Aufgrund ihres Erfolges und ihrer Nachfrage geht sie nun bereits im 7. Jahr wieder an den Start.</p>



<p>Das deutsche Schulsystem lässt wenig Zeit für eine intensive Nacharbeitung des gelernten Stoffes. Umso wichtiger ist es, SchülerInnen der Werkreal- und Realschulen zu helfen, Unterrichtsthemen des letzten Schuljahres in den Sommerferien zu wiederholen und zu festigen.</p>



<p>Gleichzeitig soll die Kiwanis-Ferienschule auch persönliche Kompetenzen fördern. Sie ist ein System, das Spaß am Lernen, passende Lernstrategien und den wertschätzenden Umgang mit anderen Menschen vermitteln soll. Selbstbewusstsein, Teamfähigkeit sowie Beziehungsfähigkeit der SchülerInnen sollen durch sie gestärkt werden.</p>



<h3 class="wp-block-heading">Grundsätze der Kiwanis-Ferienschule</h3>



<p>Die Kiwanis-Ferienschule findet zu Beginn der Sommerferien statt und dauert 2 Wochen. Um die Homogenität der Lerngruppen zu bewahren, nehmen nur Schülerinnen und Schüler der Werkreal- und Realschulen teil.</p>



<p>Die Kiwanis-Ferienschule besteht aus drei Komponenten, die untrennbar zueinander gehören: den Lernshops, dem gemeinsamen Mittagessen und den Workshops. Wer sich für die Kiwanis-Ferienschule anmeldet, nimmt deshalb auch an allen dreien teil.</p>



<p>LernbegleiterInnen rekrutieren sich vornehmlich aus Studierenden der Hochschulen für Soziale Arbeit, der Pädagogischen Hochschule und der Universität.</p>



<p>Die SchülerInnen melden sich grundsätzlich nur für ein Unterrichtsfach pro Woche an. Wer zwei Wochen teilnimmt, kann demnach maximal zwei unterschiedli-che Unterrichtsfächer besuchen.</p>



<p>Kinder aus finanziell schwächer gestellten Familien haben die Möglichkeit, für ihr Kind die Kiwanis-Ferienschule über eine Patenschaft oder Bildung und Teilhabe-Gelder finanzieren zu lassen. Eine Anmeldung für die Kiwanis-Ferienschule ist erst nach Bezahlung der Teilnahmekosten gültig. Der Teilnehmerbeitrag wird zu Beginn der Ferienschule vor Ort eingesammelt.</p>



<h3 class="wp-block-heading">Lernshops</h3>



<p>Die Lernshops dienen dazu, den Unterrichtsstoff des vergangenen Schuljahres zu wiederholen und zu festigen, um damit sicherer in den folgenden Schuljahren umgehen zu können. In den Lernshops werden die Fächer Mathematik, Deutsch und Englisch unterrichtet. Die Aufteilung in die Lernshops erfolgt über den Lehrplan der einzelnen Klassenstufen. Eine Gruppe besteht aus 4-7 SchülerInnen. Somit liegt der Gruppenteiler bei acht Kindern. Die Lernshops finden jeweils montags bis freitags am Morgen statt.</p>



<p>Die Kiwanis-Ferienschule hat Lernerfolge zu verzeichnen, die sich sehen lassen können. Zum Beispiel haben im Jahr 2011 14 SchülerInnen die Kiwanis-Ferienschule besucht, um nicht sitzen zu bleiben. Sie alle waren vor den Ferien „probeversetzt“ worden und hatten nach den Sommerferien eine Nachprüfung zu absolvieren. Das Ergebnis: Alle 14 SchülerInnen haben bestanden und wurden somit versetzt. Ebenfalls wurde im Jahr 2011 eine Umfrage gestartet, wie gut sich die Kinder vorbereitet fühlen auf die kommenden Schuljahre. Dabei gaben 92% der Befragten an, ihre Lücken gut aufgearbeitet zu haben, 39% davon sogar sehr gut. Ein Schüler, der ursprünglich nur für eine Woche angemeldet war, hatte seine Eltern zu überreden versucht, den Familienurlaub zu verlegen, um so auch an der zweiten Wochen teilnehmen zu können.</p>



<h3 class="wp-block-heading">Workshops</h3>



<p>Die Workshops sind ein fester Bestandteil der Kiwanis-Ferienschule und sind somit verpflichtend für jedes daran teilnehmende Kind. In den Workshops sollen vor allem Teamfähigkeit und Selbstbewusstsein der SchülerInnen gestärkt sowie ungeahnte Talente von ihnen selbst entdeckt werden. Deshalb werden ganz un-terschiedliche Workshops angeboten, wie z.B. Tanzen, Kunst, Theater, Sport, …</p>



<p>Bei der Anmeldung können Prioritäten in Bezug auf die Teilnahme an Workshops angegeben werden. Daraus ergibt sich jedoch nicht automatisch eine entsprechende Teilnahmeberechtigung. Wer zwei Wochen an der Kiwanis-Ferienschule teilnimmt, besucht grundsätzlich zwei unterschiedliche Workshops. Die Workshops finden jeweils montags bis donnerstags am Nachmittag statt. Freitagnachmittag ist frei.</p>



<p>Auch in den Workshops zeigten sich erstaunliche Ergebnisse: Eine der Schülerinnen zum Beispiel hatte im vorhergehenden Schuljahr keine mündlichen Leistungen erbracht, da sie sich nicht dazu überwinden konnte, im Unterricht zu sprechen. Im Theaterworkshop arbeitete sie bei der Aufnahme ei-nes Hörspiels mit. Mitte Oktober erfolgte dann die Rückmeldung ihrer Klassen-lehrerin: Seit den Sommerferien beteiligt sich dieses Mädchen aktiv mündlich am Unterricht und kann nun auch hier gute Leistungen verzeichnen. Im Kunstworkshop waren einige Teilnehmende zuerst nur, weil sie keine Lust auf andere Aktivitäten hatten. Niemand hätte sich zu Beginn träumen lassen, was diese Kinder am Ende der Kiwanis-Ferienschule mit nach Hause nehmen konn-ten: Jungs, die ihren Müttern Liebesbotschaften auf eine Leinwand malten und Mädchen, die nie von sich gedacht hätten, dass sie so viel Talent besitzen.</p>



<h3 class="wp-block-heading">Mittagspause</h3>



<p>Die Mittagspause findet Montag bis Donnerstag statt. Die SchülerInnen bleiben während dieser Zeit auf dem Areal der Kiwanis-Ferienschule.</p>



<div class="wp-block-file"><a id="wp-block-file--media-98560ce2-f8db-486b-afae-f0694c1da38f" href="https://www.kiwanis-em.de/wp-content/uploads/2022/08/2020-Artikel-10-Jahre-Kiwanis-Ferienschule.pdf"><strong>&gt;&gt;&gt; Artikel zum 10 jährigen der Kiwanis Ferienschule&#8230; &gt;&gt;&gt; </strong></a></div>
