{"id":782,"date":"2022-06-14T11:25:35","date_gmt":"2022-06-14T09:25:35","guid":{"rendered":"https:\/\/www.kiwanis-em.de\/?page_id=782"},"modified":"2025-01-01T11:05:52","modified_gmt":"2025-01-01T10:05:52","slug":"freundundfoerderer","status":"publish","type":"page","link":"https:\/\/www.kiwanis-em.de\/index.php\/freundundfoerderer\/","title":{"rendered":"Freunde und F\u00f6rderer"},"content":{"rendered":"\n<h2 class=\"wp-block-heading\">Kiwanis Foundation Emmendingen\/Baden e.V. <\/h2>\n\n\n\n<p>F\u00dcR EIN KINDERL\u00c4CHELN<\/p>\n\n\n\n<blockquote class=\"wp-block-quote has-text-align-left is-style-default is-layout-flow wp-block-quote-is-layout-flow\">\n<p><mark style=\"background-color:rgba(0, 0, 0, 0);color:#2400ba\" class=\"has-inline-color\"><strong>Sie haben Interesse in den Kreis der Freunde und F\u00f6rderer bei zu treten&#8230;<\/strong><\/mark><\/p>\n\n\n\n<p><mark>Wenn Sie sich f\u00fcr die Kiwanis Foundation Emmendingen\/Baden e.V. bzw. den Kiwanis Club Emmendingen\/Baden e.V.<\/mark><br><mark>interessieren, dann schreiben Sie uns eine Mail an &#8222;<\/mark><strong><mark>vorstand@kiwanis.de<\/mark>&#8222;<\/strong><\/p>\n<cite><strong> <\/strong>  <\/cite><\/blockquote>\n\n\n\n<div class=\"wp-block-columns is-layout-flex wp-container-core-columns-is-layout-9d6595d7 wp-block-columns-is-layout-flex\">\n<div class=\"wp-block-column is-layout-flow wp-block-column-is-layout-flow\" style=\"flex-basis:50%\">\n<p><strong>Treten Sie ein in den Kreis der Freunde und F\u00f6rderer!<\/strong><br>Werden Sie Unterst\u00fctzer der weltweiten Kiwanis Gemeinschaft. F\u00f6rdern Sie die Aktivit\u00e4ten f\u00fcr das Lachen der Kinder in unserer Region durch Ihre passive Mitgliedschaft in der Kiwanis-Foundation. Helfen Sie uns zu helfen! Ihr Beitrag geht zu hundert Prozent zugunsten unsere F\u00f6rderprojekte.<\/p>\n\n\n\n<p>Der Kiwanisclub freut sich und bedankt sich.<\/p>\n\n\n\n<figure class=\"wp-block-table aligncenter\"><table class=\"has-fixed-layout\"><thead><tr><th>F\u00f6rderer<\/th><th>\ufeff<\/th><\/tr><\/thead><tbody><tr><td>Baral GmbH<\/td><td>79211 Denzlingen<\/td><\/tr><tr><td>Sick-Glaser Renate<\/td><td>79104 Freiburg<\/td><\/tr><tr><td>Dorer Johannes<\/td><td>79367 Weisweil<\/td><\/tr><tr><td>Risch Johannes<\/td><td>79312 Emmendingen<\/td><\/tr><tr><td>Sch\u00f6lly Regula<\/td><td>79211 Denzlingen<\/td><\/tr><tr><td>Karin Jordt \/ Herr Peter Jordt<\/td><td>79312 Emmendingen<\/td><\/tr><tr><td>Praxis an der Elz <br><em>Dr. med. dent.&nbsp;Christoph Meschenmoser&nbsp;<br>Dr. med. dent.&nbsp;Johannes Haderthauer<\/em><br><em>Dr. med. dent.&nbsp;<em>Peter Schmidt<\/em><\/em><\/td><td>79331 Teningen<\/td><\/tr><tr><td>Baral Corina und Peter<\/td><td>79194 Heuweiler<\/td><\/tr><tr><td>Haas GmbH Sonnenschutz &amp; Rolladentechnik<\/td><td>79331 Teningen<\/td><\/tr><tr><td>Schl\u00fcter Felix<\/td><td>8032 Z\u00fcrich<\/td><\/tr><\/tbody><\/table><\/figure>\n<\/div>\n\n\n\n<div class=\"wp-block-column is-layout-flow wp-block-column-is-layout-flow\">\n<figure class=\"wp-block-image size-full is-resized\"><img loading=\"lazy\" decoding=\"async\" width=\"573\" height=\"722\" src=\"https:\/\/www.kiwanis-em.de\/wp-content\/uploads\/2022\/06\/KF.jpg\" alt=\"\" class=\"wp-image-787\" style=\"width:573px;height:722px\" srcset=\"https:\/\/www.kiwanis-em.de\/wp-content\/uploads\/2022\/06\/KF.jpg 573w, https:\/\/www.kiwanis-em.de\/wp-content\/uploads\/2022\/06\/KF-238x300.jpg 238w\" sizes=\"auto, (max-width: 573px) 100vw, 573px\" \/><\/figure>\n<\/div>\n<\/div>\n\n\n\n<p><\/p>\n","protected":false},"excerpt":{"rendered":"<p>Kiwanis Foundation Emmendingen\/Baden e.V. F\u00dcR EIN KINDERL\u00c4CHELN Sie haben Interesse in den Kreis der Freunde und F\u00f6rderer bei zu treten&#8230; Wenn Sie sich f\u00fcr die&hellip;<\/p>\n","protected":false},"author":1,"featured_media":0,"parent":0,"menu_order":0,"comment_status":"closed","ping_status":"closed","template":"","meta":{"footnotes":""},"class_list":["post-782","page","type-page","status-publish","hentry"],"_links":{"self":[{"href":"https:\/\/www.kiwanis-em.de\/index.php\/wp-json\/wp\/v2\/pages\/782","targetHints":{"allow":["GET"]}}],"collection":[{"href":"https:\/\/www.kiwanis-em.de\/index.php\/wp-json\/wp\/v2\/pages"}],"about":[{"href":"https:\/\/www.kiwanis-em.de\/index.php\/wp-json\/wp\/v2\/types\/page"}],"author":[{"embeddable":true,"href":"https:\/\/www.kiwanis-em.de\/index.php\/wp-json\/wp\/v2\/users\/1"}],"replies":[{"embeddable":true,"href":"https:\/\/www.kiwanis-em.de\/index.php\/wp-json\/wp\/v2\/comments?post=782"}],"version-history":[{"count":32,"href":"https:\/\/www.kiwanis-em.de\/index.php\/wp-json\/wp\/v2\/pages\/782\/revisions"}],"predecessor-version":[{"id":1784,"href":"https:\/\/www.kiwanis-em.de\/index.php\/wp-json\/wp\/v2\/pages\/782\/revisions\/1784"}],"wp:attachment":[{"href":"https:\/\/www.kiwanis-em.de\/index.php\/wp-json\/wp\/v2\/media?parent=782"}],"curies":[{"name":"wp","href":"https:\/\/api.w.org\/{rel}","templated":true}]}}