{"id":921,"date":"2022-09-09T10:02:12","date_gmt":"2022-09-09T08:02:12","guid":{"rendered":"https:\/\/www.kiwanis-em.de\/?page_id=921"},"modified":"2025-09-25T09:28:45","modified_gmt":"2025-09-25T07:28:45","slug":"ticket-bestellen-abgebrochen","status":"publish","type":"page","link":"https:\/\/www.kiwanis-em.de\/index.php\/ticket-bestellen-abgebrochen\/","title":{"rendered":"Ihre Ticketbestellung wurde abgebrochen&#8230;"},"content":{"rendered":"\n<p>Sie haben die Bestellung abgebrochen <\/p>\n\n\n\n<p><a href=\"https:\/\/www.kiwanis-em.de\/index.php\/kiwanis-friends-benefizkonzert\/\" data-type=\"link\" data-id=\"https:\/\/www.kiwanis-em.de\/index.php\/kiwanis-friends-benefizkonzert\/\">zur\u00fcck zu Kiwanis &amp; Friends Benefizkonzert 2025 &#8222;<strong>The Greatest Band<\/strong><em>&nbsp;-Soul, Funk &amp; Disco-Feeling<\/em>-&#8222;&#8230;<\/a><\/p>\n\n\n\n<p><a href=\"https:\/\/www.kiwanis-em.de\/index.php\/songbook\/\" data-type=\"link\" data-id=\"https:\/\/www.kiwanis-em.de\/index.php\/kiwanis-friends-benefizkonzert\/\">zur\u00fcck zu Kiwanis Benefiz-Matin\u00e9e 2025 zugunsten der Kiwanis Singlabore&#8220;&#8230;<\/a><\/p>\n\n\n\n<p><a href=\"https:\/\/www.kiwanis-em.de\/index.php\/kiwanis-royal\/\" data-type=\"page\" data-id=\"1898\">zur\u00fcck zu Kiwanis Royal 2025 &#8222;M\u00c4NNER. FRAUEN. Missverst\u00e4ndnisse&#8220;&#8230;<\/a><\/p>\n\n\n\n<p><\/p>\n\n\n\n<p><\/p>\n\n\n\n<p><\/p>\n\n\n\n<p><\/p>\n","protected":false},"excerpt":{"rendered":"<p>Sie haben die Bestellung abgebrochen zur\u00fcck zu Kiwanis &amp; Friends Benefizkonzert 2025 &#8222;The Greatest Band&nbsp;-Soul, Funk &amp; Disco-Feeling-&#8222;&#8230; zur\u00fcck zu Kiwanis Benefiz-Matin\u00e9e 2025 zugunsten der&hellip;<\/p>\n","protected":false},"author":1,"featured_media":0,"parent":0,"menu_order":0,"comment_status":"closed","ping_status":"closed","template":"","meta":{"footnotes":""},"class_list":["post-921","page","type-page","status-publish","hentry"],"_links":{"self":[{"href":"https:\/\/www.kiwanis-em.de\/index.php\/wp-json\/wp\/v2\/pages\/921","targetHints":{"allow":["GET"]}}],"collection":[{"href":"https:\/\/www.kiwanis-em.de\/index.php\/wp-json\/wp\/v2\/pages"}],"about":[{"href":"https:\/\/www.kiwanis-em.de\/index.php\/wp-json\/wp\/v2\/types\/page"}],"author":[{"embeddable":true,"href":"https:\/\/www.kiwanis-em.de\/index.php\/wp-json\/wp\/v2\/users\/1"}],"replies":[{"embeddable":true,"href":"https:\/\/www.kiwanis-em.de\/index.php\/wp-json\/wp\/v2\/comments?post=921"}],"version-history":[{"count":13,"href":"https:\/\/www.kiwanis-em.de\/index.php\/wp-json\/wp\/v2\/pages\/921\/revisions"}],"predecessor-version":[{"id":2227,"href":"https:\/\/www.kiwanis-em.de\/index.php\/wp-json\/wp\/v2\/pages\/921\/revisions\/2227"}],"wp:attachment":[{"href":"https:\/\/www.kiwanis-em.de\/index.php\/wp-json\/wp\/v2\/media?parent=921"}],"curies":[{"name":"wp","href":"https:\/\/api.w.org\/{rel}","templated":true}]}}